luate -2 + -13 + -10 + (-35 - -40).
-20
What is (-36 + 13 - -3) + 15?
-5
Calculate (12 - -11) + -32 - -33.
24
What is 4 - ((18 - 13) + 10 - 13)?
2
(-13 - -26) + (-2 - -1) + 4 + 0
16
-14 - (-19 - -8 - 0) - 13
-16
What is the value of -4 + 7 - (7 + (-15 - -13) + -8)?
6
Calculate -25 + 19 + 4 + -5 + 3.
-4
25 + (2 - (-25 - -31))
21
What is -7 + -10 + 15 + 10 + 7?
15
What is -31 - (-8 + (-18 - -9 - -11) - 2)?
-23
What is the value of (-1 - (-20 + 1)) + (-6 + 150 - 145)?
17
What is 3 - 5 - (17 - (23 + -15))?
-11
Evaluate (-9 - (5 + -14)) + -2 - 1.
-3
Calculate (11 - (20 + 4)) + 24 + -8.
3
Evaluate -79 - -98 - (-5 - -1).
23
Evaluate -3 + 4 + -7 + 1 + -2 + 13.
6
5 + (-1 + 1 - 0) - (7 + -4)
2
9 - (24 + -16 - -11)
-10
Evaluate -7 - (11 + -50 + 22).
10
Evaluate 5 + -6 + (-30 - -16) + 7.
-8
Evaluate -9 + (12 - (5 + -3 + 4)).
-3
59 - (14 - (-22 + -8))
15
What is 0 - (4 - 4) - (-1 - (-4 - -3))?
0
-18 + (27 - 7) + 6
8
What is the value of 103 + -81 + 3 + -13?
12
0 - (-1 + -1 - (-9 - (-13 - 5)))
11
1 - (-6 + (-3 - -7)) - (158 - 162)
7
What is the value of -1 + 0 - (-11 + 50 - 21)?
-19
Evaluate 34 + 6 + 1 + (-8 - 11).
22
What is -15 + -38 + 4 + 19?
-30
Calculate (-1 - 6) + (-347 - -374).
20
Calculate ((-14 - -6) + 18 - -4) + -1 + 1.
14
What is the value of 39 - 33 - (1 - 10)?
15
(-8 - (-70 - -57)) + (-2 - -23)
26
What is -56 + 7 + (10 - -3 - 0)?
-36
Calculate (-2 - 0) + (15 - 5 - 30) + 40.
18
What is -3 - 13 - -3 - (-1 + (-9 - -5))?
-8
Calculate -6 - (0 + (3 + 2 - (6 + -4))).
-9
What is the value of -21 + (11 - -7 - 15)?
-18
What is 20 + -1 + 19 + -33?
5
Calculate (0 - -4 - -2) + (4 - 7) + 5.
8
What is -13 - (-30 + 7 - -6)?
4
Evaluate 2 + -20 - (-9 + -10 + 13).
-12
What is -14 + (7 - -3) + 0 + -2?
-6
Calculate 2 + -21 + -23 + 12 + 3.
-27
Evaluate -11 + (156 + -157 - (14 - 0)).
-26
What is 45 + -42 - (-27 + 8)?
22
(-14 - 4) + 5 + 10
-3
Calculate 5 + -1 + (13 - (-13 - -20)) + -31.
-21
Evaluate -17 + 21 - 38 - -8.
-26
Calculate 16 + (14 - -1) + -32 - (2 - -3).
-6
What is the value of (-2 - -3) + -3 + (-38 - -42)?
2
-9 + -9 + 5 + 10
-3
(-1 - (-10 + 4)) + (-12 - -1)
-6
Calculate (-4 - -3) + 3 + 4 + 7 + -3.
10
Calculate 4 + (-5 - 22) + (-2 + 0 - 5).
-30
What is (9 - 81) + 33 + 20?
-19
What is (2 - (-2 - -4)) + (-50 - -49) + 14?
13
What is 4 + -2 + -1 + 5?
6
What is 5 + (9 - (2 + 3 + -6))?
15
Evaluate -1 + (-1 - -1) - (-28 - -38).
-11
-177 - -173 - (5 - 0)
-9
What is the value of -6 - (-4 + (4 - -4) + -2)?
-8
What is -18 - (6 + -21) - 14?
-17
What is the value of -6 + 6 - (4 - (-2 - -6))?
0
What is -5 + 7 + (3 + 4 - 1)?
8
Calculate -1136 - -1114 - (10 - ((-4 - -2) + 3)).
-31
Evaluate (-20 - ((-14 - 3) + 16)) + 18.
-1
0 - (0 + 9 + -6 + -5)
2
What is 32 - ((23 - 38) + 36)?
11
What is 4 + 6 + -11 - 1 - (1 + 9)?
-12
Calculate 1 + 6 - 33 - -49.
23
What is the value of -12 + 3 + 23 + 0 + -12?
2
13 + -13 + 8 + (0 - -13) - 0
21
What is the value of (7 - -20) + (-24 - -8) + 5?
16
(1 - 37) + (278 - 264) + 18
-4
What is -6 - -1 - (163 - 162)?
-6
-10 - (10 + (5 - 9) - 12)
-4
What is (14 - -2 - (1 + -3) - 5) + -2?
11
What is the value of (6 - -9) + (21 - 24)?
12
Calculate 8 + -1 + -13 + (0 - -14) + -2.
6
Calculate 4 + (-4 - (1 + (2 - 4)) - -8).
9
What is the value of -8 + (2 - (-1 + -7 - -8))?
-6
What is -14 + 29 - (7 - -1) - -11?
18
Calculate 28 - 9 - 33 - -8 - (1 + -12).
5
Calculate 1 + -1 - (78 - 60).
-18
Calculate 15 + 3 + (4 - 2 - (3 + -1)).
18
Evaluate 1 + 1 + -1 + 3 + -1 + 6.
9
Calculate -1 + (-10 - -15) + -7 + -2 + 0.
-5
Calculate (-7 - -24 - -12) + (-8 - -1) + 2.
24
What is (29 - (32 + 17)) + 7 + -1?
-14
Calculate (12 + 2 - (153 + -164)) + -14.
11
What is the value of (14 + (-4 - 2) - (-10 - -42)) + -6?
-30
Calculate 127 + -107 - (1 - -15).
4
Calculate (-19 - 33) + 42 - (-4 - -2).
-8
Evaluate 0 - (-6 + 2) - (40 + -37).
1
Evaluate 4 - (-11 + 2) - (2 + 4 - -1).
6
Evaluate -1 + 0 + (-2 - (-9 + 15)).
-9
Evaluate -609 + 603 + (-20 - -1).
-25
Calculate 1 + 14 - ((0 - 5) + 0 - -12).
8
What is the value of 14 + (9 - (-8 + 5) - 14)?
12
9 + -5 + (16 - 12)
8
Evaluate 4 + 10 + -31 - -4.
-13
What is the value of 5 - (12 - 11) - (1 - 7)?
10
Calculate 5 - (1 - -9 - (19 - 28)).
-14
What is 20 + (-30 - (44 + -66))?
12
(24 - 15) + (0 - -1)
10
1 + 33 + (-38 - -1) + 40
37
Calculate -6 + 7 + 0 + -6 + 9 + -8.
-4
Calculate -14 - (0 + 5 + 21 + -23).
-17
What is -3 - -15 - (28 - 27 - -36)?
-25
14 + (-5 + -10 + 16 - (-1 + -5))
21
Calculate 0 + -8 + ((10 - 12) + 12 - 8).
-6
Calculate 4 + (-8 - -5 - 10).
-9
Calculate -9 - (0 + -7 + (4 - (-12 - -10))).
-8
-4 + -5 + (-2 + -8 - -24)
5
Calculate -11 + (0 - 2) - -12.
-1
Evaluate -6 + (0 - -11) + (115 - 125).
-5
Calculate -17 - -2 - 2 - (-77 + 67).
-7
Calculate 3 + (24 - 30 - (2 - -6)).
-11
Calculate 9 + 6 - (-113 - -139).
-11
30 - ((29 - 0) + -7)
8
Calculate (7 - -1) + -17 + 1 + 8.
0
15 - ((2 - (8 - 7)) + 5)
9
Calculate -4 - ((-4 + 3 - -12) + -7).
-8
What is -17 + (23 - 5) + 7 + 15?
23
Calculate (5 - -15) + -13 + 1 + -2 + -1.
5
Calculate 42 + (368 - 356 - (15 - 0)).
39
Calculate 6 + -6 - 2 - (-11 - 1).
10
22 - (-64 + 30 - -61)
-5
Calculate (25 - -12) + -15 + -26.
-4
Calculate -2 + 11 - (-3 + 3) - 11.
-2
Calculate -273 + 272 + 2 + (-3 - -1).
-1
What is the value of 20 + -7 + -14 + -12?
-13
Evaluate 16 + -1 + (18 - (-9 + 15 - -15)).
12
13 + -16 + 0 + (306 - 286)
17
What is the value of 5 + -14 - -6 - (7 + -14 - -12)?
-8
15 - 1 - (-11 + -1 + (83 - 64))
7
Calculate (-9 + 10 - (13 - 4)) + 2 - 11.
-17
What is the value of -2 - (-7 - (-2 - -2))?
5
What is 1 + 1 - (-2 + 3 + 48 + -52)?
5
Calculate 24 - 5 - (70 - 29).
-22
What is the value of -4 + (-4 - (-15 - (0 - 4)))?
3
0 + -12 + 0 + 1 + 5 - -7
1
What is the value of -8 + -1 + 54 + -48 - -13?
10
What is (-11 + -7 - ((3 - 4) + -5)) + -3?
-15
Evaluate -9 - (2 + (-7 - -16) + 6).
-26
-2 - (39 + -60) - 3
16
Evaluate (-1 - 15) + 80 + -57.
7
23 + (-10 - (8 + 14))
-9
Calculate -25 + 29 + (-8 - -2 - 0 - -3).
1
What is (13 - (-9 - -20)) + -1?
1
11 + 0 - (-31 - (-23 - 31))
-12
What is the value of (39 - 33) + 5 + 1?
12
-9 + (15 - (-17 - -27))
-4
What is the value of -7 + -3 - ((-5 - -5) + -12)?
2
What is the value of (-7 - (-9 + -13)) + -6?
9
Evaluate (2 - 5 - -12) + (-2 - 1).
6
Evaluate 16 + (-7 - -11) + -17.
3
Evaluate -13 + -3 - (4 + (-13 - -6)).
-13
Calculate 1 - -11 - (49 - 45).
8
What is the value of -69 - (-4 - 33 - 0)?
-32
Calculate (-30 - -6) + 14 - -1.
-9
What is the value of -35 - (-12 - (-10 + 17 - 22)) - -12?
-26
What is the value of 18 + -5 + (-33 - -16)?
-4
Evaluate 9 - (9 - 7 - (-1 + 7)).
13
Evaluate 5 + (1 + 0 - (7 - -7 - 19)).
11
Evaluate 5 - (-10 - (-6 + 1 + -3)).
7
11 + (2 - (-6 + 10 - -3)) - -15
21
Evaluate -11 - (22 - (7 - -3) - 5).
-18
Evaluate -3 + -1 + (14 - 20 - 8) + 2.
-16
What is the value of -9 + -3 - -6 - (-6 + 6 - 11)?
5
Evaluate 3 + -1 - (-37 + 23 + (9 - 16)).
23
What is 3 + 0 + 3 + 27 + -57?
-24
7 - (1 - 0 - (-527 + 521))
0
What is the value of 14 - ((3 - (5 - 1)) + -2) - 4?
13
-84 + 83 - (4 + 2)
-7
What is -7 - (-6 + -7 + 11 + 1)?
-6
11 + 27 + -24 + (-14 - -2)
2
28 + -18 + 8 + 3
21
304 - 282 - (11 + 1)
10
What is the value of -18 - (-7 + 0 - 28) - 38?
-21
Calculate -2 + -7 + -9 + 8.
-10
-1 + -9 + 1 - (5 + 5 + -13)
-6
Evaluate (-30 + 41 + -22 - (12 - 1)) + -10.
-32
(15 - 5 - -2) + -13 + (3 - -7)
9
Calculate 12 + 36 + -50 + (-2 - 0).
-4
What is (0 - -4) + (7 - 19 - -15 - 0)?
7
What is (3 - 4) + 87 + -85?
1
What is -12 - (-32 + 34 + -15)?
1
What is the value of 34 + -8 + -13 + 13 + -7?
19
Evaluate -14 + (5 - (-11 + 11)).
-9
What is the value of 13 + (-7 - -7 - 4)?
9
What is the value of -20 - (-38 + (1 - -28))?
-11
Calculate 6 + 2 + (11 - (23 - 11)).
7
0 - -1 - (-9 - 4)
14
What is the value of (0 - -5) + -5 - (-26 - -34)?
-8
(-9 - -5 - -6) + 3 - (-1 + 2)
4
What is (-4 - (3 - (5 - -4)) - 2) + -5?
-5
What is -3 + -5 + 4 + 7 + -3 + -1?
-1
Calculate -11 - (-21 + 7 - -12).
-9
Calculate (-2 + -10 - (-21 + (13 - 1))) + 2.
-1
Calculate 18 + -3 + 15 + -48 + 23.
5
Evaluate -4 + 3 + 75 + -72.
2
What is -33 - (15 - 29) - -13?
-6
What is the value of 10 + -3 - (-4 + 4 + 14 + -8)?
1
(152 - 124) + -9 + 0
19
Evaluate 10 - (20 + 9 + -21).
2
Evaluate -11 + (-4 - -7) + 4.
-4
Evaluate -1 + 4 + (9 - 5 - -5).
12
What is the value of 6 + (-15 - -19) + 3 - (-1 + 1)?
13
Evaluate 15 + (-16 - (17 - 28)).
10
Eval